(x) = -13*x + 26. Calculate h(3).
-13
Let b(g) = 4303*g + 51664. Determine b(-12).
28
Let m(k) = -k**2 - 84*k - 806. What is m(-73)?
-3
Let d(h) = h**2 + 79*h + 513. Determine d(-72).
9
Let d(k) = -117*k + 314. What is d(2)?
80
Let q(u) = 305*u - 4581. Calculate q(15).
-6
Let f(j) = -34*j + 2717. Calculate f(79).
31
Let b(h) = -h**3 + 23*h**2 - 21*h + 7. Give b(22).
29
Let n(s) = 2*s**3 + 16*s**2 - 70*s + 5. What is n(5)?
305
Let t(r) = -27581*r - 27582. What is t(-1)?
-1
Let p(g) = g**3 - 109*g**2 + 157*g - 5268. What is p(108)?
24
Let k(f) = 16*f**2 + 510*f - 56. Determine k(-32).
8
Let m(g) = -5*g**3 - 16*g**2 + 40*g + 5. What is m(3)?
-154
Let v(b) = 17*b - 1548. What is v(91)?
-1
Let w(h) = h**3 + 41*h**2 - 61*h - 797. Calculate w(-42).
1
Let c(p) = -7*p - 54. What is c(8)?
-110
Let x(z) = -z**2 + 2*z - 2. Determine x(-8).
-82
Let r(u) = -51*u + 458. What is r(9)?
-1
Let i(b) = -4*b**2 - 56*b - 36. Give i(-16).
-164
Let g(f) = f**3 - 40*f**2 - 191*f - 58. Determine g(44).
-718
Let j(f) = 8*f**3 + 7*f**2 + 11*f - 3. Calculate j(-3).
-189
Let z(o) = -4*o**2 + 78*o + 19. What is z(20)?
-21
Let d(t) = -6*t**2 + 124*t + 44. What is d(20)?
124
Let q(m) = 17*m**2 + 158*m + 12. Calculate q(-10).
132
Let z(c) = c**3 + 38*c**2 + 77*c + 78. What is z(-36)?
-102
Let x(u) = -19*u + 124. Give x(0).
124
Let b(r) = 56*r + 380. Determine b(-7).
-12
Let u(t) = -389*t - 7799. Determine u(-20).
-19
Let v(o) = -o**2 + 62*o + 564. Determine v(-8).
4
Let y(u) = -40*u - 2. Determine y(-1).
38
Let o(i) = 108*i - 320. Calculate o(5).
220
Let k(y) = -158*y + 26555. What is k(168)?
11
Let h(q) = -507*q**2 - 8619*q - 20. Calculate h(-17).
-20
Let n(q) = 2*q**3 - 184*q**2 + 182*q - 15. What is n(91)?
-15
Let h(w) = 5*w**2 + 765*w + 2973. What is h(-149)?
-7
Let r(i) = 112*i + 5261. What is r(-47)?
-3
Let h(v) = 31*v - 23. Determine h(-8).
-271
Let a(m) = -45*m + 443. Calculate a(10).
-7
Let z(u) = -18*u + 1315. Calculate z(62).
199
Let u(a) = -171*a**2 - 315*a - 317. Calculate u(-1).
-173
Let j(s) = s**2 - 2*s - 86. Calculate j(-8).
-6
Let i(u) = -2*u**3 - 11*u**2 - 11*u + 3. Give i(-7).
227
Let t(b) = -b**3 + 60*b**2 + 62*b - 33. What is t(61)?
28
Let w(d) = 7*d**2 + 54*d - 17. Give w(-8).
-1
Let j(v) = -2*v**2 - 87*v - 82. Give j(-45).
-217
Let l(p) = -6*p**2 - 53*p - 110. Calculate l(-2).
-28
Let z(d) = -178*d**2 + 8*d - 8. Give z(1).
-178
Let d(t) = -31*t + 365. What is d(4)?
241
Let r(h) = 461*h - 15671. Give r(34).
3
Let v(t) = -2*t**2 - 2*t + 984. Give v(-23).
-28
Let g(c) = 3121*c + 12497. Determine g(-4).
13
Let k(b) = 165*b - 350. Give k(2).
-20
Let z(h) = -2*h**3 - 43*h**2 + 72*h - 52. Determine z(-23).
-121
Let v(x) = 264*x - 2335. What is v(9)?
41
Let c(i) = 2*i**3 + 33*i**2 - 15*i + 40. Calculate c(-17).
6
Let b(t) = t**3 - 3*t**2 + 58*t - 292. Determine b(4).
-44
Let m(a) = 38*a**3 - 266*a**2 + a - 5. Calculate m(7).
2
Let v(h) = 15*h**2 + h + 3. Determine v(-1).
17
Let y(n) = -1259*n - 3750. Give y(-3).
27
Let c(f) = -f**3 + 30*f**2 - 211*f - 11. Determine c(19).
-49
Let i(t) = 339*t - 24075. Determine i(71).
-6
Let y(r) = 2*r**3 - 631*r**2 + 7576*r - 309. What is y(303)?
-6
Let l(b) = -4*b + 52. Calculate l(9).
16
Let d(z) = z**2 + 86*z + 1130. Determine d(-54).
-598
Let m(k) = 25*k + 543. What is m(-22)?
-7
Let w(l) = 3*l**2 + 126*l - 28. Calculate w(-42).
-28
Let s(v) = v**3 + 12*v**2 + 8*v + 91. What is s(-12)?
-5
Let a(c) = 15*c**2 + 269*c + 246. What is a(-17)?
8
Let h(n) = 70*n + 1954. Calculate h(-28).
-6
Let n(z) = 13*z - 151. Calculate n(9).
-34
Let f(t) = t**2 - 36*t + 722. Determine f(20).
402
Let n(g) = g**2 - 42*g + 194. What is n(6)?
-22
Let a(i) = -i**3 - 6*i**2 + 46*i + 33. Calculate a(-10).
-27
Let v(s) = 15*s**2 - 58*s + 28. What is v(2)?
-28
Let c(o) = 11*o - 111. What is c(11)?
10
Let p(u) = -821*u + 4923. Determine p(6).
-3
Let c(l) = 5*l**3 - 37*l**2 + 3*l. What is c(6)?
-234
Let b(n) = 3057*n - 15280. Give b(5).
5
Let h(x) = x**2 + 124*x + 3695. What is h(-50)?
-5
Let a(x) = -9*x**2 + 13. Calculate a(-4).
-131
Let i(l) = 3*l**2 - 5*l - 6. Calculate i(2).
-4
Let i(z) = -3*z**2 - 231*z - 905. Determine i(-4).
-29
Let q(k) = -3*k**2 + 1087*k + 68. Determine q(0).
68
Let n(c) = 808*c - 815. Determine n(1).
-7
Let x(c) = c**2 - 4*c - 195. Calculate x(13).
-78
Let r(y) = 4477*y + 67151. Give r(-15).
-4
Let z(n) = -n**2 + 73*n - 141. Determine z(71).
1
Let z(v) = -384*v + 2246. What is z(6)?
-58
Let s(r) = -51*r - 31. What is s(6)?
-337
Let i(u) = 118*u + 31. Calculate i(0).
31
Let m(p) = -215*p**3 - 4*p**2 - 3*p + 2. Calculate m(-1).
216
Let a(t) = -18274*t - 18281. Give a(-1).
-7
Let f(d) = -3*d**2 + 49*d - 180. Give f(4).
-32
Let n(g) = -6*g - 431. Calculate n(-71).
-5
Let i(d) = 205*d + 14750. What is i(-72)?
-10
Let y(p) = -p**3 - 49*p**2 - 10*p + 1787. Calculate y(-48).
-37
Let x(g) = -g**2 + 97*g - 1390. Determine x(79).
32
Let n(r) = 4*r + 626. Give n(-154).
10
Let z(f) = 2*f**3 + 17*f**2 - 42*f - 79. Give z(-10).
41
Let o(i) = -10*i**2 - 4*i + 426. Give o(-7).
-36
Let t(n) = n**3 - 5*n**2 - 2*n - 83. Give t(7).
1
Let f(x) = 1814*x - 1815. Calculate f(1).
-1
Let x(u) = -u**2 + 8*u - 2. Determine x(5).
13
Let w(m) = 3*m**3 - 18*m**2 + 21*m - 91. Calculate w(6).
35
Let m(o) = -o**2 - 23*o + 9. Calculate m(-6).
111
Let f(g) = -5*g**2 + 895*g - 13752. What is f(17)?
18
Let a(d) = d**2 - 140*d + 2778. Determine a(116).
-6
Let i(t) = -2*t**2 - 58*t - 481. Determine i(-18).
-85
Let i(d) = -d**2 - 30*d - 102. Give i(-6).
42
Let s(n) = 2*n**2 - 433*n - 872. Give s(-2).
2
Let h(k) = 3350*k - 26819. Give h(8).
-19
Let d(a) = -a**3 - 12*a**2 + 2*a + 53. Calculate d(-12).
29
Let y(s) = 299*s - 873. Calculate y(3).
24
Let n(x) = x**3 + 45*x**2 - 43*x + 14. Determine n(-46).
-124
Let m(c) = -c**3 + 13*c**2 + c - 132. What is m(12)?
24
Let k(c) = -c**2 - 24*c - 96. Calculate k(-7).
23
Let a(g) = -g**2 - 12*g + 9. Give a(-2).
29
Let x(q) = -q**3 - 5*q**2 + q + 34. Determine x(-6).
64
Let b(y) = 7*y**2 + 188*y + 157. Calculate b(-26).
1
Let y(f) = f**3 - 13*f**2 + 27*f + 107. What is y(7)?
2
Let v(y) = -3*y**2 + 25*y + 75. Calculate v(15).
-225
Let j(r) = 2*r**2 + 21*r - 66. Determine j(3).
15
Let b(t) = 81*t + 5257. Determine b(-65).
-8
Let u(y) = 48*y**3 - 382*y**2 - 14*y - 13. Determine u(8).
3
Let i(k) = -k**2 + k + 267. Calculate i(-18).
-75
Let d(a) = -a**3 - 64*a**2 + 654*a - 112. Calculate d(-73).
107
Let r(l) = -l**2 + 871*l - 15316. Give r(18).
38
Let q(z) = 283*z**2 - 2*z - 5. Determine q(-1).
280
Let m(l) = l**3 + 2*l**2 + 26*l + 89. Give m(-3).
2
Let s(a) = -a**3 + 16*a - 29. Determine s(3).
-8
Let i(d) = -784*d + 4029. Give i(5).
109
Let b(h) = -16*h + 794. Give b(59).
-150
Let a(d) = -d**3 - 14*d**2 - 80*d - 405. What is a(-10)?
-5
Let k(f) = -99*f + 185. What is k(2)?
-13
Let u(q) = 42*q**2 + 7*q - 8. Determine u(1).
41
Let d(o) = -18*o - 187. What is d(-12)?
29
Let t(i) = -i**2 - 25*i + 780. Determine t(-43).
6
Let m(u) = 3*u**3 + 32*u**2 - 29*u + 222. Determine m(-12).
-6
Let t(s) = 3*s**2 - 4*s + 6. Give t(0).
6
Let g(y) = -5*y**2 + 178*y + 68. What is g(36)?
-4
Let x(g) = g**2 - 24*g + 108. Calculate x(7).
-11
Let l(q) = 3*q**3 - 7*q**2 - 19*q + 7. Determine l(5).
112
Let m(r) = -286*r + 362. What is m(1)?
76
Let j(y) = -2*y**3 + 14*y**2 + 47*y - 4. What is j(-3)?
35
Let d(b) = -444*b - 1415. What is d(-3)?
-83
Let h(c) = -170*c - 110. Give h(-3).
400
Let n(q) = 2*q**2 - 11*q - 298. What is n(17)?
93
Let j(a) = a**3 + 9*a**2 + 38*a + 176. What is j(-7)?
8
Let x(m) = m**3 - 8*m**2 - 110*m - 5. Give x(-6).
151
Let a(n) = n**3 + 8*n**2 + 106*n + 1035. Calculate a(-9).
0
Let j(d) = d**3 + 91*d**2 + 174*d - 342. What is j(-89)?
14
Let n(k) = 130*k + 1090. What is n(-21)?
-1640
Let v(y) = 210*y + 5402. Give v(-26).
-58
Let w(j) = 20*j**2 - 47*j - 56. Give w(-1).
11
Let j(t) = -428*t**2 + 20*t - 7. Calculate j(1).
-415
Let f(m) = -30*m - 654. Determine f(-22).
6
Let l(m) = m - 40. Give l(6).
-34
Let l(n) = -27*n - 274. Determine l(-8).
-58
Let j(i) = 5090*i - 25459. What is j(5)?
-9
Let a(v) = -v**3 - 10*v**2 - 9*v - 15. Calculate a(-9).
-15
Let n(f) = -265*f + 7953. Give n(30).
3
Let a(h) = h**3 - 4*h**2 - 26*h + 82. Determine a(6).
-2
Let w(p) = -16*p - 241. Give w(-19).
63
Let y(u) = 5*u - 252. Calculate y(50).
-2
Let r(o) =